{"id":6,"date":"2018-02-04T10:53:32","date_gmt":"2018-02-04T09:53:32","guid":{"rendered":"https:\/\/boutique.cao-3d-pro.com\/index.php\/commande\/"},"modified":"2018-03-25T11:32:39","modified_gmt":"2018-03-25T09:32:39","slug":"commande","status":"publish","type":"page","link":"https:\/\/boutique.cao-3d-pro.com\/index.php\/commande\/","title":{"rendered":"Commande"},"content":{"rendered":"<p>Connectez-vous ou enregistrez vous pour pouvoir commander.<br \/>\nUne fois votre commande pass\u00e9e allez dans votre compte \/ t\u00e9l\u00e9chargement.<br \/>\nNouveau utilisateur :<br \/>\n<a href=\"https:\/\/boutique.cao-3d-pro.com\/index.php\/mon-compte\/\"><strong>S&rsquo;enregistrer<\/strong><\/a><br \/>\nD\u00e9j\u00e0 enregistr\u00e9 :<br \/>\n[woocommerce_checkout]<\/p>\n","protected":false},"excerpt":{"rendered":"<p>Connectez-vous ou enregistrez vous pour pouvoir commander. Une fois votre commande pass\u00e9e allez dans votre compte \/ t\u00e9l\u00e9chargement. Nouveau utilisateur : S&rsquo;enregistrer D\u00e9j\u00e0 enregistr\u00e9 : [woocommerce_checkout]<\/p>\n","protected":false},"author":1,"featured_media":0,"parent":0,"menu_order":0,"comment_status":"closed","ping_status":"closed","template":"","meta":{"footnotes":""},"_links":{"self":[{"href":"https:\/\/boutique.cao-3d-pro.com\/index.php\/wp-json\/wp\/v2\/pages\/6"}],"collection":[{"href":"https:\/\/boutique.cao-3d-pro.com\/index.php\/wp-json\/wp\/v2\/pages"}],"about":[{"href":"https:\/\/boutique.cao-3d-pro.com\/index.php\/wp-json\/wp\/v2\/types\/page"}],"author":[{"embeddable":true,"href":"https:\/\/boutique.cao-3d-pro.com\/index.php\/wp-json\/wp\/v2\/users\/1"}],"replies":[{"embeddable":true,"href":"https:\/\/boutique.cao-3d-pro.com\/index.php\/wp-json\/wp\/v2\/comments?post=6"}],"version-history":[{"count":23,"href":"https:\/\/boutique.cao-3d-pro.com\/index.php\/wp-json\/wp\/v2\/pages\/6\/revisions"}],"predecessor-version":[{"id":88,"href":"https:\/\/boutique.cao-3d-pro.com\/index.php\/wp-json\/wp\/v2\/pages\/6\/revisions\/88"}],"wp:attachment":[{"href":"https:\/\/boutique.cao-3d-pro.com\/index.php\/wp-json\/wp\/v2\/media?parent=6"}],"curies":[{"name":"wp","href":"https:\/\/api.w.org\/{rel}","templated":true}]}}